ase 12?
127340
506020 (base 8) to base 14
44b96
Convert -14340322 (base 5) to base 11.
-a4706
Convert 111000100111 (base 2) to base 3.
11222012
-2120011212122 (base 3) to base 12
-558015
What is 1481132 (base 10) in base 2?
101101001100110101100
Convert 10103110333 (base 5) to base 14.
14d9a52
What is 202111220101 (base 3) in base 10?
403795
-313230324 (base 5) to base 10
-1305089
-47ec (base 15) to base 3
-202222120
What is -90290 (base 13) in base 14?
-69bb2
Convert -1546135 (base 7) to base 11.
-13638a
Convert -1532413 (base 6) to base 3.
-11120110200
Convert -1a744 (base 11) to base 6.
-341314
110011000110001010 (base 2) to base 3
101122002111
7077208 (base 9) to base 12
131a55b
-11100110011101001110001 (base 2) to base 10
-7551601
What is -20121021112112 (base 3) in base 5?
-1344242234
What is 4b0610 (base 12) in base 2?
100101010111001101100
112011232 (base 4) to base 6
1534514
-2a11951 (base 12) to base 3
-120222001000021
Convert -3441040103 (base 5) to base 13.
-17b58c4
What is e0a0d (base 16) in base 10?
920077
Convert 505555 (base 9) to base 13.
a6337
What is 18d70 (base 16) in base 14?
29116
100100101011100111 (base 2) to base 4
210223213
What is 13031224341 (base 5) in base 13?
33a15a8
-213123132013 (base 4) to base 2
-100111011011011110000111
65628d (base 14) to base 7
41130336
What is c6111 (base 16) in base 10?
811281
-9c9c3 (base 13) to base 15
-59713
What is -2553e (base 15) in base 10?
-119309
27452748 (base 9) to base 8
63556547
What is -2022101122110 (base 3) in base 4?
-10223311023
What is 6dee79 (base 15) in base 2?
10100000101010111111001
What is 24870d (base 16) in base 2?
1001001000011100001101
-1100100010100010000100 (base 2) to base 15
-44de9c
12110110300 (base 4) to base 11
a31297
What is -882806 (base 10) in base 9?
-1584875
Convert 185743 (base 9) to base 14.
302a8
Convert -22144 (base 7) to base 5.
-134234
Convert 1c143 (base 16) to base 2.
11100000101000011
-50a32a (base 12) to base 15
-19dd71
What is -83047 (base 10) in base 15?
-19917
What is 23745 (base 16) in base 4?
203131011
What is 11010100100011000100101 (base 2) in base 8?
32443045
-1051038 (base 10) to base 16
-10099e
What is -101223100321 (base 4) in base 6?
-243152041
What is -15211501 (base 6) in base 14?
-db461
-76320 (base 8) to base 2
-111110011010000
Convert 5415425 (base 6) to base 4.
1001022221
Convert 111010000011111111 (base 2) to base 11.
152753
What is 2211221212 (base 3) in base 12?
28572
Convert -3545377 (base 10) to base 11.
-2001770
Convert -254325 (base 8) to base 2.
-10101100011010101
-33400 (base 14) to base 10
-124264
What is 33e5 (base 16) in base 11?
9a88
What is 10100010302 (base 4) in base 10?
1114418
235357 (base 13) to base 8
3150231
What is 1fbf00 (base 16) in base 5?
1013034022
-24030041 (base 5) to base 12
-a7832
What is -5147876 (base 9) in base 6?
-134523410
Convert 434935 (base 13) to base 4.
12002002120
Convert -11110100000100 (base 2) to base 5.
-444440
What is -461233 (base 9) in base 13?
-98acc
What is -2552597 (base 11) in base 9?
-8283806
5671265 (base 8) to base 6
52534153
-757779 (base 14) to base 13
-a93593
Convert 56472 (base 16) to base 7.
3001206
-2202220122201 (base 3) to base 15
-1e1d61
Convert -161603143 (base 7) to base 8.
-51533133
What is -4163043 (base 12) in base 5?
-11123304134
What is -5244043 (base 8) in base 7?
-14566151
What is -35100512 (base 7) in base 6?
-145532235
Convert -127188 (base 9) to base 4.
-102321323
Convert -50524233 (base 6) to base 7.
-15154254
10d09e (base 15) to base 8
3041107
102753 (base 8) to base 7
201644
11112001200 (base 3) to base 12
435b3
11111000110120 (base 3) to base 10
2381982
1344341301 (base 5) to base 7
41565201
9bc76 (base 13) to base 8
1051315
-1112030 (base 5) to base 11
-13835
Convert -11021101022200 (base 3) to base 14.
-431913
Convert -16273 (base 12) to base 2.
-111101011110111
1b8972a (base 13) to base 6
524201440
What is -644cc (base 14) in base 15?
-4bc76
Convert 1105c7 (base 15) to base 13.
225388
Convert 127339 (base 12) to base 10.
302877
Convert 3996ac (base 13) to base 8.
5236361
Convert 36732 (base 14) to base 7.
1063062
111223222 (base 4) to base 15
1b4aa
204319 (base 11) to base 5
40442214
What is 2220222122002 (base 3) in base 15?
20a9ae
-35baf4 (base 16) to base 11
-1a95643
What is 93089 (base 12) in base 8?
566651
Convert 1515b (base 13) to base 16.
9b6f
204112541 (base 7) to base 14
184c858
Convert 71633 (base 10) to base 12.
35555
4015466 (base 7) to base 10
474956
21222001 (base 3) to base 11
43a9
9b704 (base 15) to base 7
4126123
-88455 (base 9) to base 13
-2093c
Convert -22010202201121 (base 3) to base 7.
-51524221
What is 109939 (base 10) in base 3?
12120210211
62efa (base 16) to base 2
1100010111011111010
-11111100010010001001 (base 2) to base 8
-3742211
What is -1102122200 (base 3) in base 13?
-ca98
1363118 (base 10) to base 3
2120020211212
Convert 1100001010000011011 (base 2) to base 12.
17264b
Convert -13897cc (base 13) to base 9.
-12574441
What is -21051 (base 6) in base 8?
-5427
Convert 122110102022 (base 3) to base 16.
53e70
What is 11202342 (base 5) in base 10?
100347
Convert 10638776 (base 10) to base 11.
6007085
What is -36a7931 (base 12) in base 10?
-10671733
Convert 3113013 (base 6) to base 7.
1162302
-655015 (base 7) to base 9
-184144
What is -12100210120 (base 3) in base 10?
-105558
6062544 (base 7) to base 15
e3a93
-2203003133 (base 5) to base 7
-55150030
What is -1111001110210 (base 3) in base 5?
-200212034
Convert 108883 (base 10) to base 2.
11010100101010011
Convert -1619941 (base 10) to base 11.
-a070a4
Convert -338218 (base 11) to base 12.
-21b401
What is 4a99a (base 15) in base 11?
153146
Convert -1705e6 (base 15) to base 2.
-100010000001111010011
Convert -164fb (base 16) to base 4.
-112103323
What is -10011233 (base 5) in base 13?
-29c17
33304024 (base 6) to base 8
3650720
Convert 10101000011110001 (base 2) to base 8.
250361
What is 1a1107 (base 11) in base 15?
617ea
4331144322 (base 5) to base 13
1bb7005
What is 70637276 (base 8) in base 5?
12303031414
4ac0aa (base 14) to base 10
2568534
Convert -1000100011100010110 (base 2) to base 5.
-32432332
-101144444 (base 5) to base 16
-64b53
-213222231 (base 4) to base 14
-432d7
110000100101000110 (base 2) to base 7
1456060
Convert -81b54a (base 13) to base 16.
-2e246b
What is 20514 (base 15) in base 12?
4b30a
Convert 3064504 (base 8) to base 13.
2262b9
-2e5b1a (base 16) to base 3
-12201100022201
Convert -332303110 (base 4) to base 7.
-2120650
What is -20330032232 (base 4) in base 15?
-31471e
a2481 (base 12) to base 4
303220201
18af70 (base 16) to base 10
1617776
Convert 48835 (base 10) to base 16.
bec3
What is -101011000111011001 (base 2) in base 4?
-223013121
Convert 1a929 (base 16) to base 13.
3a705
Convert 661371 (base 12) to base 9.
3037664
Convert -1472c2a (base 14) to base 7.
-150431653
What is 21101101002 (base 3) in base 5?
14122333
What is -2952132 (base 10) in base 2?
-1011010000101111000100
What is b810b (base 12) in base 7?
2025521
-e4b2b (base 15) to base 5
-141143031
What is -22356164 (base 8) in base 5?
-2214344224
What is -4d0c48 (base 14) in base 15?
-37619a
-1000202022201 (base 3) to base 10
-546256
Convert 2c63 (base 16) to base 11.
85a0
What is -f5974 (base 16) in base 15?
-14d0ca
What is -23a851 (base 12) in base 7?
-4626124
-1210022333 (base 4) to base 12
-17953b
-11020216 (base 7) to base 4
-3212332321
-65813 (base 11) to base 16
-174fb
Convert 13520045 (base 7) to base 5.
310442420
993c (base 16) to base 15
b953
Convert 8de1c7 (base 16) to base 2.
100011011110000111000111
Convert 673a (base 14) to base 4.
10113200
What is -44106 (base 7) in base 3?
-120010120
Convert -3431455 (base 6) to base 16.
-2acfb
What is 10010010021200 (base 3) in base 6?
55253330
-17a8530 (base 13) to base 15
-a2a53a
505ac (base 14) to base 10
193212
Convert 22131311010 (base 4) to base 15.
392dd0
Convert 6bc237 (base 16) to base 13.
1603553
110001441 (base 5) to base 14
c2cba
What is -111 (base 3) in base 13?
-10
What is -3110303112 (base 4) in base 8?
-3246326
-229501 (base 11) to base 2
-1011000110111000001
5338 (base 16) to base 11
15008
211545 (base 8) to base 11
48a72
733a7 (base 16) to base 14
c4007
Convert 43120133 (base 6) to base 14.
250c41
69a52 (base 12) t